*m**2 + 3 + 2*m**2 - 4*m. Let t be l(2). Let x(v) = -v**3 - 6*v**2 + 3*v - 3. What is the tens digit of x(t)?
2
Suppose -x + 1987 + 2929 = 2*m, -m = -x + 4910. What is the tens digit of x?
1
Suppose 0 = 75*h - 71*h - 340. What is the tens digit of h?
8
Let o be (-1)/(-3) - 6/(-9). What is the tens digit of o - (7 + -3) - -35?
3
Let v(b) = b**3 - 3*b**2 + 4*b + 7. Let c be v(5). Let d = c + -26. Suppose g - 6*g - 4*z + d = 0, -g + z = -3. What is the units digit of g?
7
Let q(s) = s**3 + 21*s**2 - 11*s + 9. Let m be q(-21). Suppose -3*b + 84 + m = 0. What is the units digit of b?
8
Let n = 220 + -137. What is the units digit of n?
3
Let j = 26 + -24. Suppose -4*z + j*b = -470, 452 = -0*z + 4*z + 4*b. What is the hundreds digit of z?
1
Let u = 89 - 35. Let m = u + -109. What is the units digit of -3*(-12)/9 - m?
9
Let a(x) = 68*x**2 - 4*x + 6. Let c = 152 + -150. What is the hundreds digit of a(c)?
2
Suppose -6 = 3*m - 2*a - 18, -4*a = 0. What is the units digit of 1/m + (-297)/(-12)?
5
Suppose -5*u = -27 + 7. Suppose 21 = -u*h + 165. What is the units digit of h?
6
Suppose -5*x = 3*k - 9468, k - 3*k - x = -6305. What is the hundreds digit of k?
1
Let k(v) = 15 - 9*v - 6*v - v + v**2. Let z(y) = -y**2 - 21*y - 22. Let s be z(-19). What is the tens digit of k(s)?
1
What is the units digit of 3/4 + (-54306)/(-72)?
5
Let j = -19 + 61. Suppose 38*u = j*u - 808. What is the units digit of u?
2
Suppose 3*p - 6*p + 3351 = 0. What is the tens digit of p?
1
Let i = 8 - 4. Suppose -3*o + 2*o + 3 = 0. Suppose i*a - d - o*d - 76 = 0, -d + 35 = 2*a. What is the tens digit of a?
1
Suppose -5*f + 47 = 4*x - 1, -2*f - 13 = -3*x. Suppose -3*r + 3 = -g, x = r + 4*r - g. Suppose -4*v - 4*o = 4, -r*v + 3 = o + 1. What is the units digit of v?
3
Suppose -4*n - 6*b + 3*b + 1232 = 0, -5*b = n - 325. Suppose -2*f + 7*f - n = 0. What is the tens digit of f?
6
Suppose 0 = s - 18*s + 11322. What is the tens digit of s?
6
Let f = -319 + 551. What is the hundreds digit of f?
2
Let h(w) = 4*w**3 - 9*w**2 + 9*w + 13. What is the hundreds digit of h(6)?
6
Let w = 335 - 78. What is the units digit of w?
7
Let j(p) = -p + 12. Let o = -14 + 5. Let n be j(o). Suppose -2*y + 3*y - n = 0. What is the units digit of y?
1
Suppose 19*b = -13*b + 32000. What is the units digit of b?
0
Suppose 0 = 4*s + 4*o - 8520, -2*o + 2564 - 8969 = -3*s. What is the tens digit of s?
3
Suppose 2*r + 18 = r - 5*w, 5*r = -3*w - 2. What is the units digit of ((-30)/25)/(r/(-5))?
3
Let u = 1337 + -750. What is the hundreds digit of u?
5
Suppose 0 = -17*j + 27444 + 15532. What is the units digit of j?
8
Suppose -63*p + 33471 + 297 = 0. What is the units digit of p?
6
Let c = 551 + -268. Let x = -125 + c. What is the tens digit of x?
5
Suppose -m + 2*q = 66, 2*q - 288 = 6*m - 2*m. Let w = 112 + m. What is the units digit of w?
8
Let l = 11 - 25. Let o = 19 + l. Suppose 0 = 5*a - 3*a + 3*d - 29, -a - 3 = o*d. What is the tens digit of a?
2
Suppose 4*k - 2*k = 0. Suppose 5*j + 1 + 29 = k. What is the units digit of (-144)/(-40)*(-1 - j)?
8
Let j be 46/3*12/(-8). Let x(s) = s**3 + 6*s**2 - 2*s. Let g be x(-4). Let f = g + j. What is the tens digit of f?
1
Let g be (-3)/6*(3 + (-12)/4). Let j be ((-4)/(-2))/(4/6). Suppose 0*k - 28 = -l - 2*k, g = -l - j*k + 31. What is the tens digit of l?
2
Suppose 0 = 2*n - n - 33. Suppose 2*c = 8, -a - 2*c + n = -9. What is the tens digit of (-12)/30*(-1 - a)?
1
Suppose 7*m + 6 = 5*m, -34 = -5*w + 3*m. Suppose 0 = 2*k - w*g - 291, 125 + 308 = 3*k - 4*g. What is the units digit of k?
3
Suppose -4*n + 9380 - 1856 = 4*p, 3774 = 2*p - n. What is the hundreds digit of p?
8
Let g(f) be the third derivative of -f**6/60 + f**5/20 + f**4/8 - f**3/2 + 6*f**2. Let m be g(-3). Let h = m + -40. What is the tens digit of h?
2
Let f = 455 + 1988. What is the thousands digit of f?
2
Let t = 462 - 304. What is the units digit of t?
8
Suppose -6*q - 82 = 20. Let i(d) = -d - 1. What is the tens digit of i(q)?
1
Let s = -9234 - -13445. What is the hundreds digit of s?
2
Let g(v) = -5*v + 2. Let l be g(-7). Let k = l - 31. Suppose 22 = 4*w + k. What is the units digit of w?
4
Suppose 0 = 71*u - 95*u + 70152. What is the hundreds digit of u?
9
Suppose -a - 3*v + 339 = 0, -5*v = 21 - 1. What is the units digit of a?
1
Let s = -54 + 57. Suppose -2*c - 97 = -n - 0*n, -5*n - s*c + 459 = 0. What is the tens digit of n?
9
Suppose -3*o + 45 = -9. Let h be o/3 + 0 + 0. Suppose j - 73 = -5*u, 85 = 5*u - j + h*j. What is the units digit of u?
4
Let q(f) = -f**2 + 10*f + 24. Let m be q(11). Let g(n) = -n**2 + 16*n - 18. What is the units digit of g(m)?
1
Let g(n) = 2*n**2 + 16*n - 18. Let m be g(14). Suppose 368 = 7*l - m. What is the units digit of l?
8
Let a = 554 - -2245. What is the tens digit of a?
9
Let p be -2 + (11 - (-4)/(-1)). Suppose 2 = p*y - 28. What is the units digit of y?
6
Suppose 4*u + 28 = 64. Suppose 2*o = u*o - 609. What is the tens digit of o?
8
Let c(y) = 3*y**3 + 32*y**2 + 4*y + 20. What is the tens digit of c(-6)?
0
Let g = 146 + -104. Suppose 0 = -g*j + 37*j + 1145. What is the hundreds digit of j?
2
Suppose -6*w - 575 = -83. Let d = 143 + w. What is the units digit of d?
1
Suppose -q + 146 = -4*d - d, d - 5*q = -34. Let p = 24 - 36. Let f = p - d. What is the units digit of f?
7
Let k(p) be the first derivative of 2*p**3/3 - p**2/2 + 17*p + 25. What is the units digit of k(6)?
3
Let l be 10/(-75) - 20915/75. Let j = 486 + l. What is the units digit of j?
7
Let q be (1/3)/(4/456). Let n = q + 5. What is the tens digit of n?
4
Suppose -5*v = -4*m + 1065, 0 = -0*v - 3*v + m - 639. Let y = v + 446. What is the hundreds digit of y?
2
Let w(o) = -o**3 - 5*o**2 - 4*o + 5. Let t be w(-4). Let u(k) = k**3 + 11*k - 4. What is the tens digit of u(t)?
7
Let x(j) = j + 4. Suppose -2*b - 4*g = -6, 0*b + 2*b + 5*g = 8. Let l be b/6 + (-39)/(-18). What is the units digit of x(l)?
6
Let t(f) = -f**3 + 19*f**2 - 15*f - 22. Let a be (36/7)/((-4)/(-14)). What is the units digit of t(a)?
2
What is the thousands digit of (-32 - 10556)*2/(-8)?
2
Let b(y) = -82*y - 2. Let a be b(-5). Suppose 12*o - 144 = a. What is the units digit of o?
6
Suppose -5*g + 4*g + 4*o = -33, 0 = -3*g + 3*o + 144. Suppose g = h + 13. What is the units digit of h?
0
Suppose -5*m = 3*k - 385, 3*m - 4*k - 260 = -0. Let w = -14 + m. What is the units digit of w?
6
Suppose 18 = 5*u + 3*i, 3*u + 5*i - 3 = 11. Let z be 30/u*(-1)/(-2). Suppose -z*v = -v - 88. What is the units digit of v?
2
Let l = -2 - -8. Let k be 27/l + 1/2. Suppose d = -3*o + 25, d - 14 = -o - k. What is the units digit of o?
8
Let x = 9 - -16. Suppose -30*o + 455 = -x*o. What is the units digit of o?
1
What is the hundreds digit of (-9)/6 + (-5)/((-70)/39291)?
8
Let z(h) = -5*h**3 - 3*h**2 - 4*h - 15. What is the tens digit of z(-6)?
8
Let n(l) = 4*l - 3. Let a = -9 + 12. Let k be n(a). What is the tens digit of k*(1 - -1) - 0?
1
Suppose -21*h = -29*h + 552. What is the units digit of h?
9
Let c be (-2 + 0)*14/(-4). Let o(b) be the second derivative of 5*b**3/6 - b**2 + 13*b + 2. What is the tens digit of o(c)?
3
Let w be 3 - (-2 - (-8)/4). Let o(n) = n**w + 11*n + 7*n**2 - 5*n - 12 - 9*n. What is the tens digit of o(-6)?
4
Let y = 146 - 142. What is the hundreds digit of y/28 + -741*(-2)/14?
1
Let u(o) = 3*o**3 - 4*o**2 + 9*o - 8. Let s(i) = -10*i**3 + 11*i**2 - 28*i + 24. Let a(x) = 2*s(x) + 7*u(x). What is the units digit of a(5)?
2
Suppose -9 + 15 = 2*b. What is the tens digit of 3 - (2 - b) - -53?
5
Let a(r) = 7*r**2 - 1. Let o(x) = -6 - 2*x - 1 + 5*x - x. Let s be o(3). What is the units digit of a(s)?
6
Suppose v - 4*p - 54 = 0, -4*p + 2 = -6. Suppose -v = 3*h - 245. Suppose 2*j - 25 = -5*t, 3*j - 3*t - h = 29. What is the units digit of j?
5
Let m be (-920)/6 - 4/6. Let o = m - -289. What is the units digit of o?
5
Suppose 51*z - 3 = 50*z. Suppose -z*m + 64 = -2*y, 3*y - 85 = -4*m + 23. What is the units digit of m?
4
Suppose -2*f = 2*x + 28, -2*f - 4*x - 38 = -0*f. Suppose 34 + 51 = 5*d. Let l = f + d. What is the units digit of l?
8
Let r be (2/3)/((-4)/(-54)). Suppose r - 29 = -4*u. Suppose 2*l + 7 = p, -u*p - 5*l + 18 = -2. What is the units digit of p?
5
Suppose 0*w - 4*w + 340 = 4*d, 0 = -d - 2*w + 81. What is the units digit of d?
9
Let q be (